be (-8)/76 + (-590)/(-190). Let l(t) = z + 0*t**2 + 8*t - 2*t**2 + 3*t**2 - t. Give l(-7).
3
Let k(v) = -119982*v - 1 + 186*v**2 - v**3 - 189*v**2 + 119986*v - 4. Suppose 2*n - c - 6 = 0, n + 4*n - 6 = -2*c. Suppose 0 = -o - n - 2. What is k(o)?
-5
Let y(f) = f**3 + 6*f**2 - 3*f - 8. Let a(v) = v - 38. Let q be a(0). Suppose 2*r + 38 = -7*c, 4*c + 36 = -5*r + r. Let t be 209/q - (-2)/c. Calculate y(t).
10
Let k(t) = 8 + t - 3 + 0*t - 3*t + t**3 + 3*t**2. Let o = 49 + -48. Let a be o*(-20)/(-8)*32/(-20). Give k(a).
-3
Let g be 10/1*2/(-5). Let s = 856 - 856. Let x(a) = -6773*a - 6 + s*a**2 + a**2 + 6774*a + 3. Determine x(g).
9
Let t(l) be the second derivative of -l**4/12 + 14*l**3/3 + 31*l**2/2 + 3*l + 302. Determine t(29).
2
Suppose 23*u - 27*u = -36. Let r(i) = -7*i + 0*i + u*i + 7. What is r(-7)?
-7
Let n(c) = -2*c**2 - 2*c + 6. Suppose 4*f - d = 6, 2*f + 31 = 3*d + 29. Calculate n(f).
-6
Let v(u) = -2*u**2 - 4*u - 1. Let i(m) = 3*m**2 + 3*m + 29. Let a(d) = i(d) + 2*v(d). Determine a(-5).
27
Let g(u) = 11*u - 22. Let b(x) = -12*x + 30. Let i(a) = 3*b(a) + 4*g(a). What is i(2)?
18
Let k(p) be the second derivative of p**3/6 - 3*p**2/2 + 2*p + 51. Let q(h) = 1. Let m(y) = k(y) - 3*q(y). Calculate m(9).
3
Let s = -280015 - -280009. Let o(k) = 0 + 1 - k**2 - 2*k - 4*k. Determine o(s).
1
Let m = 3 - -3. Let w(v) = 329*v**3 + v**2 + 2*v - 1. Let f be w(1). Let c(s) = 5*s**3 - s**3 - 7*s - 337 - 3*s**3 + f - 4*s**2. Give c(m).
24
Let c(l) = -l**3 - 11*l**2 - 5*l + 18. Suppose -114*q + 1370 = 2510. Give c(q).
-32
Let d(i) = -i**2 + 6*i - 2. Suppose 7*l - 19 + 61 = 0. Let g be l/(-3*(-4)/(-8)). Suppose -5*b - 25 = -4*y, 5*y + g*b - 1 = 4*y. What is d(y)?
3
Let u(z) = -2*z - 7. Let i(o) = -2*o. Let x be i(-2). Suppose x = 7*h - 5*h. Let l be (-95)/15 + h/6. Calculate u(l).
5
Let q(c) be the second derivative of 7*c**3/6 - 10*c**2 - 7*c + 90. What is q(8)?
36
Let i = 2337 - 2336. Let u(z) = 51*z**2 - 3*z + 2. Give u(i).
50
Let n be (-6 + 48/9)*(-18)/4. Let c(a) = -n - 28*a**2 + 26*a**2 + 1 + 3*a. Let f(l) = 2*l**2 - l + 1. Let m be f(1). What is c(m)?
-4
Suppose -99*w - 3521 = -3917. Let l(d) be the third derivative of 0*d - 1/24*d**w + 0 - 7/6*d**3 + 8*d**2. Calculate l(-6).
-1
Suppose 33121*p = 33102*p + 380. Let r(h) = -h**2 + 10*h + 204. Give r(p).
4
Let x(y) = -23. Let w(t) = 5. Let b(d) = 9*w(d) + 2*x(d). Let o(c) = -c**2 - 6*c - 4. Let f = 2 - 1. Let s(a) = f*o(a) - b(a). Calculate s(-6).
-3
Let u(w) = 39*w + 2. Let i(s) = -179*s - 6. Let d(x) = -2*i(x) - 9*u(x). Give d(2).
8
Let g(n) be the first derivative of n**5/120 + n**4/6 + 76*n**3/3 + 137. Let f(a) be the third derivative of g(a). Calculate f(-5).
-1
Suppose -2110 = -427*v + 352*v + 2185*v. Let q(y) = -2 - 6*y + 2 + 1. Give q(v).
7
Let h(i) = 8*i**2 - 31*i + 3. Suppose -p + 6 = m, -2*p - 9*m = -4*m - 24. Determine h(p).
-27
Let a(c) = -c**2 - 3*c + 2. Suppose 2 = -s + 2. Suppose s = -p - 54 + 49. Determine a(p).
-8
Let n(y) = y. Let z be n(-1). Let q(i) = 24 - 3 + 32556*i - 6 - 4 - 13 - 32555*i. Calculate q(z).
-3
Let t(f) = f**3 + 6*f**2 - 1. Let p = 54 - 52. Let v be ((-2)/(-14)*24)/(p/14). Suppose y - 5*y + 3*b - v = 0, 0 = 2*y + b + 12. Give t(y).
-1
Let d be 3 + -1 + (-3)/4*64/(-16). Let l(q) = -2*q**2 - 3*q + 9. Give l(d).
-56
Let j be 4/(8/(-36)*-9). Let g be 7/j*(-360)/(-315). Let v(t) = 6*t - 14. What is v(g)?
10
Let g(m) = 2*m + 6. Let j = -137 - -193. Let w = j - 62. What is g(w)?
-6
Let y(v) = -6*v**2 - 85*v - 86. Let a be -22 + (-27)/(-42)*14. Give y(a).
5
Let a(b) = 3*b**2 - b - 1. Suppose -176*y - 53 = -229*y. Determine a(y).
1
Let j(y) be the third derivative of y**5/30 + 47*y**4/24 + 7*y**3/2 - 66*y**2 + 3*y + 4. Calculate j(-23).
-2
Let s be (5 + -8)*(-4)/6. Let u(b) = 1 - 4*b + 2 + 4*b**2 - 3*b**s + 10*b. Let y(k) = -75*k + 593. Let d be y(8). Determine u(d).
10
Suppose 0*i = -12*i + 144. Let g be 0 - (44/i - 4)*15. Let d(r) = -r - 1. Calculate d(g).
-6
Let d(k) = -2 - 4295*k + 0 + 4296*k - 7. Calculate d(2).
-7
Let a(k) = -24 + 0 + 21 - k + 5 + 3*k. Give a(3).
8
Suppose 3*q + 4*a = 0, 0 = -q + 5*q + 2*a. Let b(f) be the second derivative of -f**5/20 + f**4/12 + f**3/3 - f**2/2 - 2*f - 30460. Give b(q).
-1
Let i = -30787 - -30755. Let c(u) = 17*u + 535. Give c(i).
-9
Suppose -7*f - 156*f - 2771 = 0. Let y(a) = -5*a - 59. Determine y(f).
26
Let c(r) = 2*r - 7. Let w(m) = -4*m + 5. Let d(s) = 2*s - 4. Let o be d(2). Let u be w(o). Suppose -n = 3*n - z - 22, -30 = -4*n + u*z. Determine c(n).
3
Let a(u) be the second derivative of 0*u**2 + 1/6*u**3 + 11*u + 1/10*u**5 + 1/12*u**4 + 0. Suppose 2*o = -3*h + 13, 0 = 14*o - 10*o - 2*h + 14. Determine a(o).
-2
Let s be 4/((-7)/63*(-4)/2). Let f(g) = g**3 - 22*g**2 - 24*g + 27. Let w(m) = -m**3 + 21*m**2 + 23*m - 26. Let u(c) = 4*f(c) + 5*w(c). Calculate u(s).
-4
Let n be -11 + (-4 - 2/(-1)). Let w = n + 9. Let x(r) = 2*r + 106*r**2 - 105*r**2 - 1448992 + 1448994. Calculate x(w).
10
Suppose 0 = 16*d + 35 + 77. Let v(f) = -3*f - 14. Give v(d).
7
Let g(r) = 1068 - 43*r - 4*r**2 - 1928 + 914. What is g(-12)?
-6
Let m(f) = -f**2 + 1. Let x = 70 + -85. Let d = 15 + x. Let z be 0*(-4 + d)/(-4). Determine m(z).
1
Let s(m) = -m**2 - 5*m + 55. Let d(c) = 6*c**3 + 76*c**2 - 33*c - 86. Let r be d(-13). Give s(r).
5
Suppose 2 = 2*w - 3*o - 2, -o = 0. Suppose -4*x = 4*f - 20, -x + w*f + 3 = -11. Let h(z) = -z + 2. What is h(x)?
-6
Let i(p) = 81*p - 245. Let s(c) = c**3 + 14*c**2 + 44*c - 21. Let j be s(-6). Give i(j).
-2
Suppose -2*i + 5*i - 6 = 0. Let x(z) = 0*z**2 + i*z - z**2 - 8*z. Let f = -11941 - -11934. Calculate x(f).
-7
Let b(k) be the first derivative of k**3/3 - 2*k**2 - 14*k - 279631. Let o(t) = -t**2 - 6*t. Let n be o(-5). What is b(n)?
-9
Let o = -5986 - -5965. Let v(u) = 3*u**2 + 63*u. Determine v(o).
0
Let s(d) = -13*d**3 - 81*d**2 - 15*d + 27. Let n be s(-6). Let r(v) = -v - 2. Let g(u) = -u. Let k(f) = 2*g(f) - r(f). Give k(n).
-7
Let o(g) = g**3 - 4*g**2 - 6*g + 2. Let j(m) = 6*m**3 - 1. Suppose 5*n - 22 = 23. Suppose 2*h + 7 = n. Let d be j(h). Calculate o(d).
-3
Suppose -5*k + 14 = -3*w + 34, -w = -5. Suppose -47 = -o - n, o + n - 5*n = 67. Let f(m) = 51*m**2 - o*m**2 + 14*m**3. Calculate f(k).
-14
Let a be (-14)/(-4 - -2) + -1. Let h(k) be the first derivative of 0*k + 1/2*k**2 - 7. Calculate h(a).
6
Suppose -2*f + 4*f = -p - 34, 3*f = -3*p - 54. Let b = f + 11. Let k(o) = -55*o + 113*o + 6*o**2 + o**3 - 55*o. Determine k(b).
10
Let y(f) = 2*f**2 + 15*f + 10. Let i(n) = 2*n**2 + 155*n + 1045. Let g be i(-70). What is y(g)?
-15
Let k(b) = -b**3 - 2 - 3*b + 6*b - 4*b. Let y(i) = 9*i + 11*i - 78*i - 19 + 22*i + 17*i. Let a be y(-1). Give k(a).
-2
Let a(h) = h**2 + 11*h + 15. Let r(g) = -235*g + 1634. Let l be r(7). Determine a(l).
15
Suppose -2*g + 0*g = 0. Suppose 0 = -4*c + 4*k - k + 173, -5*c - 5*k = -190. Let y(v) = -15*v - 12*v - 15*v + c*v. Determine y(g).
0
Suppose -15297*n - 77 = -15376*n + 81. Let x(r) = -3*r**3 + r**2 - 3*r - 3. Let l(o) = -7*o**3 + 2*o**2 - 6*o - 7. Let a(p) = 4*l(p) - 9*x(p). Give a(n).
-7
Let v(u) = -78*u - 35 - 17*u**2 - 13*u**2 + 55*u**2 - 9*u**2 - 12*u**2. Let k be v(20). Let s(l) = l**2 - 6*l + 1. Calculate s(k).
-4
Let i(h) = 1348*h**2 - 3 - 2682*h**2 + 3*h + 1335*h**2 - 6*h**3. What is i(2)?
-41
Let j(k) be the first derivative of 0*k - 271 - 7/2*k**2. Suppose -f + 5*z = -4 + 6, 5*f = -3*z - 10. What is j(f)?
14
Let v(a) = a**2 - 8*a - 7. Let x be v(9). Let c(h) = 5*h**3 - 4*h**3 + 2 - 1 + 4*h**x + 3*h + 0. What is c(-2)?
3
Let o = 1101 + -985. Suppose 3*a + o = 131. Let w(u) = -6*u + 2*u**2 - u**3 + 5*u**2 - u**2 + 2. Determine w(a).
-3
Let j be (-806)/((3 - 13) + 8). Let c(f) = -3 - f**3 + 202*f + 207*f - j*f - 8*f**2. Give c(-9).
24
Let j(h) = 0*h**2 - 3*h**2 - 14277*h + 2*h**2 - 25 + 14292*h. Give j(12).
11
Let m(w) = 2*w - 2 - 26*w + 54*w**2 + 60*w**2 - 174*w**2 + 65*w**2. Calculate m(4).
-18
Let d(r) = 15*r**2 + 2*r - 2. Let o(q) = q**2 - 7*q - 10. Let t be o(8). What is d(t)?
54
Let p(y) = -y**2 + 23*y + 113. Let l be p(27). Let x(h) = h**3 - 9*h**2 + 17*h + 9. Let a be x(l). Let r(g) = 2*g**2 + 8*g + 1. Give r(a).
25
Let a(q) = -500 + 9*q + 1043 - 511. Determine a(-7).
-31
Let b(f) = 2*f**2 - 7*f + 27. Let u be b(5). Let m(j) = 7 + 0*j**2 + 39*j - 5*j**2 - u*j + 4*j**2. De